{"id":73,"date":"2013-03-28T16:28:29","date_gmt":"2013-03-28T15:28:29","guid":{"rendered":"http:\/\/uilg.be\/blog\/?page_id=73"},"modified":"2013-04-19T11:16:43","modified_gmt":"2013-04-19T09:16:43","slug":"objectif","status":"publish","type":"page","link":"http:\/\/uilg.be\/blog\/uilg-diplomes-de-lisil-hepl-alumni\/objectif\/","title":{"rendered":"Objectif"},"content":{"rendered":"<p>L&rsquo;U.I.Lg. a pour objectif l&rsquo;\u00e9panouissement professionnel de ses membres.<br \/>\nElle manifeste la volont\u00e9 permanente d&rsquo;int\u00e9grer harmonieusement ceux-ci dans le cadre le plus large de l&rsquo;int\u00e9r\u00eat public, du soutien et du d\u00e9veloppement de l&rsquo;\u00e9conomie r\u00e9gionale et nationale.<\/p>\n<p>Pour r\u00e9aliser ses objectifs, l&rsquo;UILg m\u00e8ne ses actions \u00e0 divers niveaux :<\/p>\n<p><strong>LOCAL :<\/strong><br \/>\nLe Conseil d&rsquo;Administration de l&rsquo;U.I.Lg. organise et g\u00e8re l&rsquo;Association :<br \/>\n&#8211; R\u00e9union mensuelle du C.A. ;<br \/>\n&#8211; Organisation de l&rsquo;Assembl\u00e9e G\u00e9n\u00e9rale Annuelle ;<br \/>\n&#8211; Publication du bulletin d&rsquo;information Connect&rsquo;Ing.<br \/>\nL&rsquo;U.I.Lg. est pr\u00e9sente et active dans les murs de la H.E.P.L. et particuli\u00e8rement proche de l&rsquo;I.S.I.L., des \u00e9tudiants et de son centre de recherche.<\/p>\n<p><strong>NATIONAL :<\/strong><br \/>\nL&rsquo;U.I.Lg. participe avec son d\u00e9l\u00e9gu\u00e9 et un suppl\u00e9ant \u00e0 l&rsquo;Union F\u00e9d\u00e9rale des Associations d&rsquo;Ing\u00e9nieurs Industriels de Belgique (U.F.I.I.B.).<br \/>\nCette F\u00e9d\u00e9ration regroupe toutes les Associations francophones d&rsquo;Ing\u00e9nieurs Industriels \u2013 Ing. MSc &#8211; Master en Sciences de l\u2019ing\u00e9nieur industriel.<\/p>\n<p><strong>INTERNATIONAL :<\/strong><br \/>\nL&rsquo;U.F.I.I.B. repr\u00e9sente et d\u00e9fend les int\u00e9r\u00eats des ing\u00e9nieurs industriels belges au sein de la FEANI. (F\u00e9d\u00e9ration Europ\u00e9enne des Associations Nationales d&rsquo;Ing\u00e9nieurs).<\/p>\n","protected":false},"excerpt":{"rendered":"<p>L&rsquo;U.I.Lg. a pour objectif l&rsquo;\u00e9panouissement professionnel de ses membres. Elle manifeste la volont\u00e9 permanente d&rsquo;int\u00e9grer harmonieusement ceux-ci dans le cadre le plus large de l&rsquo;int\u00e9r\u00eat public, du soutien et du d\u00e9veloppement de l&rsquo;\u00e9conomie r\u00e9gionale et nationale. Pour r\u00e9aliser ses objectifs, &hellip; <a href=\"http:\/\/uilg.be\/blog\/uilg-diplomes-de-lisil-hepl-alumni\/objectif\/\">Continuer la lecture <span class=\"meta-nav\">&rarr;<\/span><\/a><\/p>\n","protected":false},"author":1,"featured_media":0,"parent":12,"menu_order":0,"comment_status":"closed","ping_status":"closed","template":"sidebar-page.php","meta":{"_monsterinsights_skip_tracking":false,"_monsterinsights_sitenote_active":false,"_monsterinsights_sitenote_note":"","_monsterinsights_sitenote_category":0,"jetpack_post_was_ever_published":false,"footnotes":""},"class_list":["post-73","page","type-page","status-publish","hentry"],"jetpack_shortlink":"https:\/\/wp.me\/P3rzaT-1b","jetpack_sharing_enabled":true,"_links":{"self":[{"href":"http:\/\/uilg.be\/blog\/wp-json\/wp\/v2\/pages\/73","targetHints":{"allow":["GET"]}}],"collection":[{"href":"http:\/\/uilg.be\/blog\/wp-json\/wp\/v2\/pages"}],"about":[{"href":"http:\/\/uilg.be\/blog\/wp-json\/wp\/v2\/types\/page"}],"author":[{"embeddable":true,"href":"http:\/\/uilg.be\/blog\/wp-json\/wp\/v2\/users\/1"}],"replies":[{"embeddable":true,"href":"http:\/\/uilg.be\/blog\/wp-json\/wp\/v2\/comments?post=73"}],"version-history":[{"count":3,"href":"http:\/\/uilg.be\/blog\/wp-json\/wp\/v2\/pages\/73\/revisions"}],"predecessor-version":[{"id":199,"href":"http:\/\/uilg.be\/blog\/wp-json\/wp\/v2\/pages\/73\/revisions\/199"}],"up":[{"embeddable":true,"href":"http:\/\/uilg.be\/blog\/wp-json\/wp\/v2\/pages\/12"}],"wp:attachment":[{"href":"http:\/\/uilg.be\/blog\/wp-json\/wp\/v2\/media?parent=73"}],"curies":[{"name":"wp","href":"https:\/\/api.w.org\/{rel}","templated":true}]}}