{"id":101,"date":"2013-04-03T16:32:28","date_gmt":"2013-04-03T14:32:28","guid":{"rendered":"http:\/\/uilg.be\/blog\/?page_id=101"},"modified":"2015-12-18T17:16:03","modified_gmt":"2015-12-18T16:16:03","slug":"histoire-uilg-isil","status":"publish","type":"page","link":"https:\/\/uilg.be\/blog\/uilg-diplomes-de-lisil-hepl-alumni\/histoire-uilg-isil\/","title":{"rendered":"Histoire de l&rsquo;UILg et de l&rsquo;ISIL"},"content":{"rendered":"<p><b>1889 : Cr\u00e9ation de l\u2019\u00c9cole Sucri\u00e8re Belge \u2013 d\u00e9livrant le dipl\u00f4me d\u2019Ing\u00e9nieur industriel Sucrier<\/b><\/p>\n<p>Notre histoire commence en 1891. \u00a0Cette ann\u00e9e-l\u00e0, trois \u00e9tudiants obtenaient leur dipl\u00f4me d\u2019ing\u00e9nieur industriel de l\u2019\u00c9cole Sucri\u00e8re Belge \u00e0 Glons cr\u00e9\u00e9e 2 ans auparavant, \u00e0 l\u2019initiative du secteur de l\u2019industrie sucri\u00e8re afin de ne plus devoir importer les cadres de l\u2019\u00e9tranger. Ces premiers \u00e9tudiants avec le directeur cr\u00e9ent une \u00ab\u00a0Association de fait\u00a0\u00bb.<\/p>\n<p><b>1892 : l\u2019\u00c9cole Sucri\u00e8re Belge est agr\u00e9e par l\u2019\u00e9tat et prend le nom d\u2019Institut Polytechnique de Glons (Li\u00e8ge)<\/b><\/p>\n<p><b>Le 6 juin 1914 l\u2019association de fait prend nom d\u2019 \u00ab\u00a0Association des ing\u00e9nieurs sortis de l\u2019institut Polytechnique de Glons (Li\u00e8ge)\u00a0\u00bb<\/b><\/p>\n<p><b>1933 :\u00a0Cr\u00e9ation du grade et du titre d\u2019ing\u00e9nieur technicien<\/b><\/p>\n<p>Arr\u00eat\u00e9 Royal de Juillet 1933 (grade) et loi du 11 septembre 1933 (protection des titres de l\u2019enseignement sup\u00e9rieur, dont l\u2019ing\u00e9nieur technicien)<\/p>\n<p><b>1953 Changement de nom en Institut Polytechnique de la ville de Li\u00e8ge, lorsqu\u2019il fusionne avec l\u2019\u00e9cole de la ville de Li\u00e8ge &#8211; AItPLg.<\/b><\/p>\n<p><b>1953 : Cr\u00e9ation de l\u2019Institut Sup\u00e9rieur de Seraing \u2013 cr\u00e9ation de l\u2019AITS<\/b><\/p>\n<p><b>1956 : Cr\u00e9ation de l\u2019Institut Sup\u00e9rieur de Waremme \u2013 cr\u00e9ation de l\u2019AITW<\/b><\/p>\n<p>Le 26 novembre 1960, il plaisait \u00e0 S.M. le Roi Baudouin de lui accorder le titre de Soci\u00e9t\u00e9 Royale \u00e0 AItPLg et devient ainsi \u2013 ARItPLg et le 9 f\u00e9vrier 1961 elle se constitue en Association sans but lucratif.<\/p>\n<p><b>En 1971 l\u2019AITS et l\u2018AITW se regroupent sous le sigle AITS<\/b><\/p>\n<p><b>1977 : Cr\u00e9ation de l\u2019Institut Sup\u00e9rieur Industriel Li\u00e9geois :ISIL<\/b><\/p>\n<p>La loi du 18 f\u00e9vrier 1977 rassemble les 3 \u00e9coles techniques d\u2019ing\u00e9nieur technicien en cr\u00e9ant les Instituts Sup\u00e9rieur Industriel (ISI).<\/p>\n<p><b>En 1978 Les 3 associations n\u2019en font plus qu\u2019une l\u2019U.Ing.Lg.<\/b><\/p>\n<p>L\u2019ISIL r\u00e9sulte de la fusion de l\u2019Institut Polytechnique de la ville de Glons Li\u00e8ge,\u00a0de l\u2019Institut Sup\u00e9rieur de Seraing et de l\u2019Institut Sup\u00e9rieur de Waremme et est g\u00e9r\u00e9 conjointement par la ville et la province de Li\u00e8ge.<\/p>\n<p>Les ISI dispensent une formation de type long et de niveau universitaire en deux cycles de deux ans. \u00a0Les \u00e9tudiants dipl\u00f4m\u00e9s portent alors le grade et le titre d\u2019Ing\u00e9nieur industriel et une commission d\u2019assimilation permet, pendant 10 ans, aux dipl\u00f4m\u00e9s ing\u00e9nieurs techniciens de demander r\u00e9clamer une l\u2019assimilation d\u2019\u00e9quivalence de leur dipl\u00f4me.<\/p>\n<p>En 1989, l\u2019ISIL passe sous tutelle exclusive de la Province de Li\u00e8ge.<\/p>\n<p><i>L\u2019U.Ing.Lg. est la r\u00e9sultante de la fusion de trois associations d\u2019Ing\u00e9nieurs qui s\u2019est effectu\u00e9e en plusieurs \u00e9tapes :<\/i><\/p>\n<ul>\n<li><i>en 1971, l\u2019Association des Ing\u00e9nieurs Techniciens de Seraing (A.I.T.S.) et l\u2019Association des Ing\u00e9nieurs Techniciens de l\u2019Institut sup\u00e9rieur agricole de Waremme (A.I.T.W.) se regroupe sous le sigle A.I.T.S.<\/i><\/li>\n<li><i>en 1978, afin de s\u2019harmoniser avec la restructuration de l\u2019Enseignement sup\u00e9rieur technique et agricole cr\u00e9\u00e9e par la loi du 18 f\u00e9vrier 1977, l\u2019A.I.T.S. devient U.Ing.Lg.<\/i><\/li>\n<li><i>en 1979, les ing\u00e9nieurs industriels et ing\u00e9nieurs techniciens de l\u2019ex-A.I.T.S. et de l\u2019Association Royale des Ing\u00e9nieurs Techniciens de l\u2019Institut Polytechniques de Li\u00e8ge (A.R.I.T.P.Lg) s\u2019associent au sein de l\u2019U.Ing.Lg.<\/i><\/li>\n<\/ul>\n<p><b>\u00a01995 : Cr\u00e9ation des Hautes Ecoles<\/b><\/p>\n<p>d\u00e9cret du 5 ao\u00fbt 1995, l\u2019ISIL change de nom et devient le d\u00e9partement technique de la Haute Ecole de la Province de Li\u00e8ge Rennequin Sualem.<\/p>\n<p>Changement de l\u2019abr\u00e9viation l\u2019U.Ing. Lg. trop compliqu\u00e9e \u00e0 prononcer en U.I.Lg<\/p>\n<p><b>2004 : d\u00e9cret Bologne<\/b><\/p>\n<p>Le d\u00e9cret du 31 mars 2004, dit de Bologne, consacre le grade de Master en sciences de l\u2019ing\u00e9nieur industriel qui sanctionne des \u00e9tudes en 2 cycles soit de 3 ans de Baccalaur\u00e9at de transition + 2 ans de Master.<\/p>\n<p><b>2007 : Fusion des 3 Hautes \u00c9coles provinciale<\/b><\/p>\n<p>Les trois Hautes \u00c9coles li\u00e9geoises provinciales (L\u00e9on-Eli Troclet, Andr\u00e9 V\u00e9sale et Rennequin Sualem) ont \u00e9t\u00e9 regroup\u00e9es en 2007 dans un seul grand ensemble appel\u00e9 Haute \u00c9cole de la Province de Li\u00e8ge (HEPL).<\/p>\n<p>Quelques liens :<\/p>\n<p><a href=\"http:\/\/fr.wikipedia.org\/wiki\/Haute_%C3%89cole_de_la_Province_de_Li%C3%A8ge\">http:\/\/fr.wikipedia.org\/wiki\/Haute_%C3%89cole_de_la_Province_de_Li%C3%A8ge<\/a><\/p>\n<p><a href=\"http:\/\/uilg.be\/blog\/wp-content\/uploads\/2013\/04\/ADISIF_RemiseDiplomes_Ing_091212_Illustre.pdf\">ADISIF_RemiseDiplomes_Ing_091212_Illustre<\/a><\/p>\n<p><a href=\"http:\/\/uilg.be\/blog\/wp-content\/uploads\/2013\/04\/LEcole-Sucri\u00e8re-Belge-Table-des-mati\u00e8res.pdf\">L&rsquo;Ecole Sucri\u00e8re Belge Table des mati\u00e8res<\/a><\/p>\n<p><a href=\"http:\/\/glons.voila.net\/historique.html\">http:\/\/glons.voila.net\/historique.html<\/a><\/p>\n","protected":false},"excerpt":{"rendered":"<p>1889 : Cr\u00e9ation de l\u2019\u00c9cole Sucri\u00e8re Belge \u2013 d\u00e9livrant le dipl\u00f4me d\u2019Ing\u00e9nieur industriel Sucrier Notre histoire commence en 1891. \u00a0Cette ann\u00e9e-l\u00e0, trois \u00e9tudiants obtenaient leur dipl\u00f4me d\u2019ing\u00e9nieur industriel de l\u2019\u00c9cole Sucri\u00e8re Belge \u00e0 Glons cr\u00e9\u00e9e 2 ans auparavant, \u00e0 l\u2019initiative &hellip; <a href=\"https:\/\/uilg.be\/blog\/uilg-diplomes-de-lisil-hepl-alumni\/histoire-uilg-isil\/\">Continuer la lecture <span class=\"meta-nav\">&rarr;<\/span><\/a><\/p>\n","protected":false},"author":1,"featured_media":0,"parent":12,"menu_order":0,"comment_status":"open","ping_status":"closed","template":"sidebar-page.php","meta":{"_monsterinsights_skip_tracking":false,"_monsterinsights_sitenote_active":false,"_monsterinsights_sitenote_note":"","_monsterinsights_sitenote_category":0,"jetpack_post_was_ever_published":false,"footnotes":""},"class_list":["post-101","page","type-page","status-publish","hentry"],"jetpack_shortlink":"https:\/\/wp.me\/P3rzaT-1D","jetpack_sharing_enabled":true,"_links":{"self":[{"href":"https:\/\/uilg.be\/blog\/wp-json\/wp\/v2\/pages\/101","targetHints":{"allow":["GET"]}}],"collection":[{"href":"https:\/\/uilg.be\/blog\/wp-json\/wp\/v2\/pages"}],"about":[{"href":"https:\/\/uilg.be\/blog\/wp-json\/wp\/v2\/types\/page"}],"author":[{"embeddable":true,"href":"https:\/\/uilg.be\/blog\/wp-json\/wp\/v2\/users\/1"}],"replies":[{"embeddable":true,"href":"https:\/\/uilg.be\/blog\/wp-json\/wp\/v2\/comments?post=101"}],"version-history":[{"count":14,"href":"https:\/\/uilg.be\/blog\/wp-json\/wp\/v2\/pages\/101\/revisions"}],"predecessor-version":[{"id":788,"href":"https:\/\/uilg.be\/blog\/wp-json\/wp\/v2\/pages\/101\/revisions\/788"}],"up":[{"embeddable":true,"href":"https:\/\/uilg.be\/blog\/wp-json\/wp\/v2\/pages\/12"}],"wp:attachment":[{"href":"https:\/\/uilg.be\/blog\/wp-json\/wp\/v2\/media?parent=101"}],"curies":[{"name":"wp","href":"https:\/\/api.w.org\/{rel}","templated":true}]}}