{"id":57,"date":"2013-03-28T15:48:01","date_gmt":"2013-03-28T14:48:01","guid":{"rendered":"http:\/\/uilg.be\/blog\/?page_id=57"},"modified":"2015-04-01T16:59:02","modified_gmt":"2015-04-01T14:59:02","slug":"liens","status":"publish","type":"page","link":"https:\/\/uilg.be\/blog\/liens\/","title":{"rendered":"Liens"},"content":{"rendered":"<h1><strong>HEPL &#8211; UILg et partenaires<\/strong><\/h1>\n<ul>\n<li><a href=\"http:\/\/www.hepl.be\/\">Haute Ecole de la Province de Li\u00e8ge (ISIL)<\/a><\/li>\n<li><a href=\"http:\/\/www.dik-euregio.org\/\">DIK<\/a>\u00a0: Drielanden Ingenieurs Kontakt, ing\u00e9nieurs des trois fronti\u00e8res de l&rsquo;Euregio Meuse-Rhin<\/li>\n<\/ul>\n<h1><strong>UFIIB et partenaires<\/strong><\/h1>\n<ul>\n<li><a href=\"http:\/\/www.ufiib.be\/\">UFIIB<\/a>\u00a0: Union Francophone des Ing\u00e9nieurs Industriels Belges<\/li>\n<li><a href=\"http:\/\/www.adisif.be\/\">ADISIF<\/a>\u00a0: Association des directeurs des Instituts Sup\u00e9rieur Industriels francophones<\/li>\n<li><a href=\"http:\/\/www.unplib.be\/\">UNPLIB<\/a>\u00a0: l\u2019Union nationale des professions lib\u00e9rales et intellectuelles de Belgique<\/li>\n<li><a href=\"http:\/\/www.ex-change-expertise.be\/\">Ex-Change Expertise<\/a>\u00a0: Association belge pour l&rsquo;envoi d&rsquo;experts b\u00e9n\u00e9voles \u00e0 l&rsquo;\u00e9tranger<\/li>\n<\/ul>\n<h1><strong>Ing\u00e9nieurs Belges et partenaires<\/strong><\/h1>\n<ul>\n<li><a href=\"http:\/\/www.ingenieursbelges.be\">Ing\u00e9nieurs Belges<\/a>\u00a0: Association de l&rsquo;UFIIB et la FABI<\/li>\n<li><a href=\"http:\/\/www.feani.org\/\">FEANI<\/a>\u00a0: the European Federation of National Engineering Association<\/li>\n<\/ul>\n<h1>Divers<\/h1>\n<ul>\n<li><img data-recalc-dims=\"1\" loading=\"lazy\" decoding=\"async\" src=\"https:\/\/i0.wp.com\/www.liege.biz\/images\/liegebiz.jpg?resize=120%2C34\" alt=\"\" width=\"120\" height=\"34\" \/>\u00a0: annuaire\u00a0li\u00e9geois<\/li>\n<li><a href=\"http:\/\/latetedelemploi.be\/fr\/\">Latetedelemploi<\/a>\u00a0: Le site des chercheurs d&#8217;emploi de la r\u00e9gion de Li\u00e8ge<\/li>\n<\/ul>\n","protected":false},"excerpt":{"rendered":"<p>HEPL &#8211; UILg et partenaires Haute Ecole de la Province de Li\u00e8ge (ISIL) DIK\u00a0: Drielanden Ingenieurs Kontakt, ing\u00e9nieurs des trois fronti\u00e8res de l&rsquo;Euregio Meuse-Rhin UFIIB et partenaires UFIIB\u00a0: Union Francophone des Ing\u00e9nieurs Industriels Belges ADISIF\u00a0: Association des directeurs des Instituts &hellip; <a href=\"https:\/\/uilg.be\/blog\/liens\/\">Continuer la lecture <span class=\"meta-nav\">&rarr;<\/span><\/a><\/p>\n","protected":false},"author":1,"featured_media":0,"parent":0,"menu_order":5,"comment_status":"closed","ping_status":"closed","template":"sidebar-page.php","meta":{"_monsterinsights_skip_tracking":false,"_monsterinsights_sitenote_active":false,"_monsterinsights_sitenote_note":"","_monsterinsights_sitenote_category":0,"jetpack_post_was_ever_published":false,"footnotes":""},"class_list":["post-57","page","type-page","status-publish","hentry"],"jetpack_shortlink":"https:\/\/wp.me\/P3rzaT-V","jetpack_sharing_enabled":true,"_links":{"self":[{"href":"https:\/\/uilg.be\/blog\/wp-json\/wp\/v2\/pages\/57","targetHints":{"allow":["GET"]}}],"collection":[{"href":"https:\/\/uilg.be\/blog\/wp-json\/wp\/v2\/pages"}],"about":[{"href":"https:\/\/uilg.be\/blog\/wp-json\/wp\/v2\/types\/page"}],"author":[{"embeddable":true,"href":"https:\/\/uilg.be\/blog\/wp-json\/wp\/v2\/users\/1"}],"replies":[{"embeddable":true,"href":"https:\/\/uilg.be\/blog\/wp-json\/wp\/v2\/comments?post=57"}],"version-history":[{"count":11,"href":"https:\/\/uilg.be\/blog\/wp-json\/wp\/v2\/pages\/57\/revisions"}],"predecessor-version":[{"id":643,"href":"https:\/\/uilg.be\/blog\/wp-json\/wp\/v2\/pages\/57\/revisions\/643"}],"wp:attachment":[{"href":"https:\/\/uilg.be\/blog\/wp-json\/wp\/v2\/media?parent=57"}],"curies":[{"name":"wp","href":"https:\/\/api.w.org\/{rel}","templated":true}]}}