{"id":68,"date":"2013-03-28T16:27:06","date_gmt":"2013-03-28T15:27:06","guid":{"rendered":"http:\/\/uilg.be\/blog\/?page_id=68"},"modified":"2022-04-29T17:08:13","modified_gmt":"2022-04-29T15:08:13","slug":"conseil-dadministration","status":"publish","type":"page","link":"https:\/\/uilg.be\/blog\/uilg-diplomes-de-lisil-hepl-alumni\/conseil-dadministration\/","title":{"rendered":"Conseil d&rsquo;Administration de l&rsquo;UILg"},"content":{"rendered":"<p>L\u2019U.I.Lg. est g\u00e9r\u00e9e par un <strong>Conseil d&rsquo;Administration<\/strong>\u00a0dont les membres sont \u00e9lus pour une p\u00e9riode de 3 ann\u00e9es par l\u2019Assembl\u00e9e G\u00e9n\u00e9rale statutaire.<\/p>\n<p>Le Conseil d\u2019Administration d\u00e9signe en son sein un <strong>Bureau Ex\u00e9cutif<\/strong> compos\u00e9 du Pr\u00e9sident, de trois Vice-Pr\u00e9sidents, du Secr\u00e9taire, Secr\u00e9taire-adjoint, du Tr\u00e9sorier et du Tr\u00e9sorier-adjoint.<\/p>\n<h1>Conseil d&rsquo;Administration au 26\/04\/2021 :<\/h1>\n<ul>\n<li>Ing. LUTHERS G\u00e9rard MSC EUR ING (79) Pr\u00e9sident<br \/>\nDirecteur production secteur D (Namur) \u2013 SWDE<\/li>\n<li>Ing. TENGATTINI Jean MSc (64) Vice Pr\u00e9sident<br \/>\nRetrait\u00e9 Ing. Conseil-Bureau d\u2019\u00e9tudes TENGATTINI<\/li>\n<li>Ing. CIESLAK Marc MSc (79) Vice Pr\u00e9sident<br \/>\nArea Manager \u2013 Cofely Services S.A. (GDF-Suez)<\/li>\n<li>Ing. DREZE Quentin MSc (01) Secr\u00e9taire G\u00e9n\u00e9ral<br \/>\nQuality &amp; Safety Manager \u2013 Delphi Genetics S.A.<\/li>\n<li>Ing. SANSDRAP Laurent MSc (94) Secr\u00e9taire adjoint<br \/>\nIng\u00e9nieur Service Resp. VCA \u2013 Degr\u00e9mont S.A.<\/li>\n<li>Ing. LEONARD Jean-Louis MSc (01) Tr\u00e9sorier<br \/>\nSystem Engineer \u2013 Elia S.A.<\/li>\n<li>Ing.PIERI Hubert MSc (79) Tr\u00e9sorier adjoint<br \/>\nResponsable Informatique \u2013 BROWNING S.A.<\/li>\n<li>Ing. ANDRIEN Daniel MSc (65) Administrateur,\u00a0Pr\u00e9sident d&rsquo;Honneur<br \/>\nMa\u00eetre assistant honoraire \u2013 H.E.P.L.<\/li>\n<li>Ing. BIVER Robert MSc (67) Administrateur<br \/>\nChef de Travaux honoraire \u2013 H.E.P.L. (ISIL)<\/li>\n<li>Ing. Guy Verrecas MSc (77) Administrateur<br \/>\nIng\u00e9nierie et conseils techniques ind\u00e9pendant<\/li>\n<li>Ing. Bertrand Tiani MSc (12) Administrateur<br \/>\nIng. Project Management , Electricit\u00e9, Technical sales Engineer<\/li>\n<\/ul>\n","protected":false},"excerpt":{"rendered":"<p>L\u2019U.I.Lg. est g\u00e9r\u00e9e par un Conseil d&rsquo;Administration\u00a0dont les membres sont \u00e9lus pour une p\u00e9riode de 3 ann\u00e9es par l\u2019Assembl\u00e9e G\u00e9n\u00e9rale statutaire. Le Conseil d\u2019Administration d\u00e9signe en son sein un Bureau Ex\u00e9cutif compos\u00e9 du Pr\u00e9sident, de trois Vice-Pr\u00e9sidents, du Secr\u00e9taire, Secr\u00e9taire-adjoint, &hellip; <a href=\"https:\/\/uilg.be\/blog\/uilg-diplomes-de-lisil-hepl-alumni\/conseil-dadministration\/\">Continuer la lecture <span class=\"meta-nav\">&rarr;<\/span><\/a><\/p>\n","protected":false},"author":1,"featured_media":0,"parent":12,"menu_order":0,"comment_status":"closed","ping_status":"closed","template":"sidebar-page.php","meta":{"_monsterinsights_skip_tracking":false,"_monsterinsights_sitenote_active":false,"_monsterinsights_sitenote_note":"","_monsterinsights_sitenote_category":0,"jetpack_post_was_ever_published":false,"footnotes":""},"class_list":["post-68","page","type-page","status-publish","hentry"],"jetpack_shortlink":"https:\/\/wp.me\/P3rzaT-16","jetpack_sharing_enabled":true,"_links":{"self":[{"href":"https:\/\/uilg.be\/blog\/wp-json\/wp\/v2\/pages\/68","targetHints":{"allow":["GET"]}}],"collection":[{"href":"https:\/\/uilg.be\/blog\/wp-json\/wp\/v2\/pages"}],"about":[{"href":"https:\/\/uilg.be\/blog\/wp-json\/wp\/v2\/types\/page"}],"author":[{"embeddable":true,"href":"https:\/\/uilg.be\/blog\/wp-json\/wp\/v2\/users\/1"}],"replies":[{"embeddable":true,"href":"https:\/\/uilg.be\/blog\/wp-json\/wp\/v2\/comments?post=68"}],"version-history":[{"count":32,"href":"https:\/\/uilg.be\/blog\/wp-json\/wp\/v2\/pages\/68\/revisions"}],"predecessor-version":[{"id":2150,"href":"https:\/\/uilg.be\/blog\/wp-json\/wp\/v2\/pages\/68\/revisions\/2150"}],"up":[{"embeddable":true,"href":"https:\/\/uilg.be\/blog\/wp-json\/wp\/v2\/pages\/12"}],"wp:attachment":[{"href":"https:\/\/uilg.be\/blog\/wp-json\/wp\/v2\/media?parent=68"}],"curies":[{"name":"wp","href":"https:\/\/api.w.org\/{rel}","templated":true}]}}